he prime factors of 20.
2, 5
List the prime factors of 5133.
3, 29, 59
List the prime factors of 19520.
2, 5, 61
List the prime factors of 8125.
5, 13
List the prime factors of 662.
2, 331
List the prime factors of 9820.
2, 5, 491
What are the prime factors of 6533?
47, 139
List the prime factors of 33175.
5, 1327
What are the prime factors of 14878?
2, 43, 173
List the prime factors of 11523.
3, 23, 167
List the prime factors of 1816.
2, 227
List the prime factors of 71244.
2, 3, 1979
List the prime factors of 1040.
2, 5, 13
What are the prime factors of 3954?
2, 3, 659
List the prime factors of 37930.
2, 5, 3793
List the prime factors of 1610.
2, 5, 7, 23
List the prime factors of 797.
797
What are the prime factors of 15383?
15383
What are the prime factors of 18092?
2, 4523
List the prime factors of 1891.
31, 61
What are the prime factors of 14929?
14929
What are the prime factors of 533?
13, 41
List the prime factors of 27439.
23, 1193
What are the prime factors of 1108?
2, 277
List the prime factors of 567.
3, 7
What are the prime factors of 2570?
2, 5, 257
List the prime factors of 13478.
2, 23, 293
List the prime factors of 455.
5, 7, 13
List the prime factors of 23606.
2, 11, 29, 37
What are the prime factors of 25778?
2, 12889
List the prime factors of 15774.
2, 3, 11, 239
What are the prime factors of 1010?
2, 5, 101
What are the prime factors of 679?
7, 97
What are the prime factors of 22111?
22111
What are the prime factors of 3925?
5, 157
What are the prime factors of 31350?
2, 3, 5, 11, 19
List the prime factors of 5939.
5939
List the prime factors of 612.
2, 3, 17
List the prime factors of 772.
2, 193
What are the prime factors of 4088?
2, 7, 73
What are the prime factors of 5620?
2, 5, 281
What are the prime factors of 8367?
3, 2789
What are the prime factors of 6153?
3, 7, 293
List the prime factors of 530.
2, 5, 53
What are the prime factors of 5993?
13, 461
What are the prime factors of 15091?
15091
List the prime factors of 3658.
2, 31, 59
What are the prime factors of 884?
2, 13, 17
List the prime factors of 257.
257
List the prime factors of 2528.
2, 79
What are the prime factors of 42182?
2, 7, 23, 131
List the prime factors of 54439.
7, 11, 101
List the prime factors of 15459.
3, 5153
List the prime factors of 130.
2, 5, 13
List the prime factors of 36690.
2, 3, 5, 1223
List the prime factors of 88890.
2, 3, 5, 2963
What are the prime factors of 42?
2, 3, 7
List the prime factors of 591.
3, 197
What are the prime factors of 1265?
5, 11, 23
List the prime factors of 8816.
2, 19, 29
What are the prime factors of 13328?
2, 7, 17
What are the prime factors of 212?
2, 53
List the prime factors of 20534.
2, 10267
List the prime factors of 849.
3, 283
What are the prime factors of 6481?
6481
What are the prime factors of 29811?
3, 19, 523
What are the prime factors of 2493?
3, 277
What are the prime factors of 742?
2, 7, 53
What are the prime factors of 18519?
3, 6173
What are the prime factors of 354?
2, 3, 59
What are the prime factors of 1116?
2, 3, 31
What are the prime factors of 134?
2, 67
What are the prime factors of 6592?
2, 103
What are the prime factors of 62654?
2, 31327
List the prime factors of 786.
2, 3, 131
What are the prime factors of 1252?
2, 313
What are the prime factors of 3532?
2, 883
List the prime factors of 8925.
3, 5, 7, 17
List the prime factors of 2022.
2, 3, 337
List the prime factors of 3272.
2, 409
What are the prime factors of 9860?
2, 5, 17, 29
List the prime factors of 19866.
2, 3, 7, 11, 43
What are the prime factors of 54312?
2, 3, 31, 73
List the prime factors of 17377.
17377
What are the prime factors of 1343?
17, 79
List the prime factors of 5941.
13, 457
List the prime factors of 3857.
7, 19, 29
List the prime factors of 36087.
3, 23, 523
List the prime factors of 3909.
3, 1303
What are the prime factors of 395?
5, 79
List the prime factors of 101323.
101323
What are the prime factors of 19382?
2, 11, 881
List the prime factors of 14423.
14423
What are the prime factors of 11446?
2, 59, 97
What are the prime factors of 167?
167
What are the prime factors of 13690?
2, 5, 37
What are the prime factors of 32?
2
What are the prime factors of 40514?
2, 47, 431
List the prime factors of 33906.
2, 3, 5651
What are the prime factors of 64351?
7, 29, 317
List the prime factors of 157642.
2, 23, 149
What are the prime factors of 13664?
2, 7, 61
List the prime factors of 396.
2, 3, 11
List the prime factors of 13395.
3, 5, 19, 47
List the prime factors of 9146.
2, 17, 269
List the prime factors of 96889.
13, 29, 257
What are the prime factors of 2709?
3, 7, 43
What are the prime factors of 4907?
7, 701
List the prime factors of 5765.
5, 1153
What are the prime factors of 112957?
13, 8689
List the prime factors of 1901.
1901
List the prime factors of 6861.
3, 2287
What are the prime factors of 43080?
2, 3, 5, 359
List the prime factors of 9302.
2, 4651
List the prime factors of 1194.
2, 3, 199
List the prime factors of 662.
2, 331
What are the prime factors of 736?
2, 23
What are the prime factors of 3929?
3929
List the prime factors of 43630.
2, 5, 4363
What are the prime factors of 510?
2, 3, 5, 17
List the prime factors of 137.
137
What are the prime factors of 2691?
3, 13, 23
What are the prime factors of 304?
2, 19
What are the prime factors of 12664?
2, 1583
What are the prime factors of 742?
2, 7, 53
List the prime factors of 15323.
7, 11, 199
List the prime factors of 10685.
5, 2137
List the prime factors of 970.
2, 5, 97
List the prime factors of 1427.
1427
What are the prime factors of 1956?
2, 3, 163
List the prime factors of 5300.
2, 5, 53
What are the prime factors of 614?
2, 307
List the prime factors of 451.
11, 41
List the prime factors of 6789.
3, 31, 73
What are the prime factors of 21842?
2, 67, 163
What are the prime factors of 295?
5, 59
What are the prime factors of 39434?
2, 19717
List the prime factors of 20101.
20101
What are the prime factors of 530?
2, 5, 53
List the prime factors of 154.
2, 7, 11
What are the prime factors of 730?
2, 5, 73
What are the prime factors of 9468?
2, 3, 263
List the prime factors of 1915.
5, 383
What are the prime factors of 2486?
2, 11, 113
List the prime factors of 1114.
2, 557
What are the prime factors of 336?
2, 3, 7
List the prime factors of 6548.
2, 1637
What are the prime factors of 7535?
5, 11, 137
List the prime factors of 10367.
7, 1481
List the prime factors of 10682.
2, 7, 109
What are the prime factors of 3997?
7, 571
What are the prime factors of 990?
2, 3, 5, 11
List the prime factors of 47231.
73, 647
What are the prime factors of 42839?
42839
List the prime factors of 147928.
2, 11, 41
What are the prime factors of 8581?
8581
List the prime factors of 1526.
2, 7, 109
What are the prime factors of 10653?
3, 53, 67
What are the prime factors of 246?
2, 3, 41
What are the prime factors of 220?
2, 5, 11
What are the prime factors of 13140?
2, 3, 5, 73
What are the prime factors of 69400?
2, 5, 347
What are the prime factors of 70308?
2, 3, 7, 31
List the prime factors of 2760.
2, 3, 5, 23
What are the prime factors of 2218?
2, 1109
What are the prime factors of 23?
23
What are the prime factors of 618?
2, 3, 103
What are the prime factors of 27819?
3, 11, 281
List the prime factors of 72267.
3, 13, 17, 109
What are the prime factors of 7636?
2, 23, 83
List the prime factors of 1444.
2, 19
What are the prime factors of 1189?
29, 41
List the prime factors of 1945.
5, 389
List the prime factors of 12309.
3, 11, 373
List the prime factors of 27333.
3, 3037
What are the prime factors of 441?
3, 7
List the prime factors of 12459.
3, 4153
List the prime factors of 13053.
3, 19, 229
List the prime factors of 32524.
2, 47, 173
What are the prime factors of 16822?
2, 13, 647
What are the prime factors of 850?
2, 5, 17
List the prime factors of 5439.
3, 7, 37
What are the prime factors of 36959?
13, 2843
List the prime factors of 2754.
2, 3, 17
List the prime factors of 540.
2, 3, 5
What are the prime factors of 273?
3, 7, 13
What are the prime factors of 13353?
3, 4451
What are the prime factors of 67893?
3, 7, 53, 61
What are the prime factors of 2083?
2083
List the prime factors of 448.
2, 7
What are the prime factors of 118819?
11